{"id":1140,"date":"2015-02-03T08:20:11","date_gmt":"2015-02-03T07:20:11","guid":{"rendered":"http:\/\/www.icnp.center\/italy\/?page_id=1140"},"modified":"2021-11-22T15:54:32","modified_gmt":"2021-11-22T14:54:32","slug":"1140-2","status":"publish","type":"page","link":"https:\/\/www.icnp.center\/italy\/1140-2\/","title":{"rendered":"BIBLIOGRAFIA"},"content":{"rendered":"<p style=\"text-align: center;\"><strong>FONTI ITALIANE ICNP&#x2122; IN ORDINE CRONOLOGICO<\/strong><\/p>\n<ol>\n<li><strong>Sansoni J., Gruppo lavoro (2000)<\/strong> Validation of the Italian Translation ICNP \u00df version Problems and Difficulties in Atti Conferenza Telenurse traduzione ICNP versione Beta Coimbra (Portogallo) 15-18 Dicembre.<\/li>\n<li><strong>Woinowsky, G. (2001<\/strong>). Traduzione della Classificazione Internazionale per la pratica del Nursing (ICNP) versione Beta in lingua italiana. Tesi SDAI, Universit\u00e0 \u201cLa Sapienza\u201d, Roma. A..a 2000\/2001<\/li>\n<li><strong>Romeo V. (2002) <\/strong>ICNP versione beta. Le diagnosi infermieristiche: Uno studio sulla corrispondenza dei termini della versione italiana,Tesi SDAI, Universit\u00e0 \u201cLa Sapienza\u201d, Roma a.a. 2001\/2002<\/li>\n<li><strong>Degan M, De Rossi R, Boldrini L (2002)<\/strong> Un\u2019esperienza applicativa del sistema tassonomico ICNP nella costruzione di protocolli infermieristici. Professioni infermieristiche 55 (2), 78-118.<\/li>\n<li><strong>Di Lenola, T.L. (2002) ICNP versione beta.<\/strong> \u201cGli interventi infermieristici\u201d, uno studio sulla corrispondenza dei termini della versione italiana, Tesi SDAI, Universit\u00e0 \u201cLa Sapienza\u201d, Roma a.a. 2001\/2002<\/li>\n<li><strong>Di Muzio, M. (2002)<\/strong> ICNP Versione beta. Dalla diagnosi all\u2019intervento. Uno studio in un reparto di pediatria, Tesi SDAI, Universit\u00e0 \u201cLa Sapienza\u201d, Roma a.a. 2001\/2002<\/li>\n<li><strong>Sansoni J., Giustini M (2003)<\/strong> Classification of Nursing Practice (ICNP) \u201cMaking Nursing visibile\u201d: A tool for the ICNP diffusion and Nursing visibility in Italy in Atti 4th European Conference of ACENDIO, Paris 20-22 March 2003<\/li>\n<li><strong>Sansoni. J., Giustini M. (2003) <\/strong>La Classificazione Internazionale per la Pratica Infermieristica (ICNP);; Visibilit\u00e0 Infermieristica attraverso l\u2019utilizzo di un linguaggio comune in: Atti Convegno L\u2019assistenza Infermieristica Basata sull\u2019Evidenza, Milano, 117-118.<\/li>\n<li><strong>Sansoni J, Giustini M (2003)<\/strong> Visibilit\u00e0 infermieristica l\u2019ICNP potrebbe aiutare? Professioni infermieristiche,56(3), 131-143.<\/li>\n<li><strong>Sansoni J, Luzzi L, Degan M, Woinowski G, La Torre E, Giustini M, Bonardi MS. (2003)<\/strong> Traduzione e validazione italiana della classificazione internazionale della pratica infermieristica (ICNP Beta). Professioni infermieristiche, 55(2): 66-77.<\/li>\n<li><strong>Sansoni J. (2005)<\/strong> Visibilit\u00e0 Infermieristica attraverso un linguaggio comune, Relazione tenuta in Giornata di Studio Ciollegio IPASVI<\/li>\n<li><strong>Sansoni J., Mazzoleni M.C. (2006)<\/strong> Nursing Documentation and Visibility: The Italian Case in: Nursing Informatics for the 21 Century, An International look at Practice, Trends and the Future, HiMSS 412-421<\/li>\n<li><strong>Sansoni J, Giustini M (2006)<\/strong> More than terminology: using ICNP\u00ae to enhance nursing visibility in Italy. International nursing review,53(1), 21-27<\/li>\n<li><strong>Luzzi L., (2007)<\/strong> L\u2019ICNP (International classification for nursing Practaice ) versione beta L\u2019ICNP (International classification for nursing Practaice ) versione 1, Tesi SDAI, Universit\u00e0 \u201cLa Sapienza\u201d, Roma 2006\/2007.<\/li>\n<li><strong>Sansoni J. (2010)<\/strong> Il contributo dell\u2019ICN alla valutazione degli esiti attraverso l\u2019ICNP. In: A. Lolli, D. Dogan\u00e0 (a cura di) nursing sensitive outcomes: \u00e8 possibile misurare l\u2019assistenza infermieristica? Atti del Convegno Nazionale Consociazione Nazionale Associazioni Infermieri. Milano: Pubblicazioni Cnai, pp. 41-<\/li>\n<li><strong>Sansoni J. (2010)<\/strong> Il contributo dell\u2019ICN alla valutazione degli esiti attraverso l\u2019ICNP. In: A. Lolli, D. Dogan\u00e0 (a cura di) nursing sensitive outcomes: \u00e8 possibile misurare l\u2019assistenza infermieristica? Atti del Convegno Nazionale Consociazione Nazionale Associazioni Infermieri. Milano: Pubblicazioni Cnai, pp. 41-4<\/li>\n<li><strong>Ausili D. (2010)<\/strong> Attuali sfide poste dalla misurazione deifenomeni di interesse infermieristico. In: Nursing sensitive outcomes: \u00e8 possibile misurare l\u2019assistenza infermieristica? Atti del Convegno Nazionale della Consociazione Nazionale Associazioni infermiere\/i, 22-24 ottobre 2009. Milano: Pubblicazione CNA<\/li>\n<li><strong>Ausili D., Sironi C., Rasero L. (2010<\/strong>) Comparing acute and long-term elderly care by the use of an Italian theoretical model and the ICNP. Fourth European nursing research conference: Older persons: the future of care. Rotterdam, The Netherlands, 4-7 ottobre 2010. Abstract published in: Journal of Clinical Nursing, Special Issue 19(1), 1-168<\/li>\n<li><strong>Ausili D (2011)<\/strong> Descrivere l\u2019assistenza infermieristica attraverso l\u2019uso di un modello teorico italiano e dell\u2019International Classification for Nursing Practice (ICNP\u00ae) In: Atti del convegno dei collegi IPASVI d\u2019Abruzzo L\u2019evoluzione del \u201cnursing\u201d italiano negli ultimi 150 anni. Avezzano: LCL Industria grafica, pp.135-140<\/li>\n<li><strong>Ausili D. (2011a)<\/strong> Using the ICNP to measure nursing practice in Italy. ICN Research Network Bulletin, n\u00b022, June 2011. Disponibile da: http:\/\/www.icn.ch\/news\/research-network-bulletin\/ Consultato il 17 novembre 2011<\/li>\n<li><strong>Ausili D, Sironi C, Rasero L, Coenen E. (2012)<\/strong> Measuring elderly care through the use of a nursing conceptual model and the International Classification of Nursing Practice. International journal of nursing knowledge 23(3), 146-152.<\/li>\n<li><strong>Di Mauro S, Alberio M, Tanzi M, Vanalli M, Ausili D. (2013<\/strong>) L\u2019impiego del Modello delle Prestazioni Infermieristiche e dell\u2019Internazional Classification of Nursing Practice per pianificare e misurare l\u2019assistenza infermieristica: risultati di alcuni studi svolti dall\u2019Universit\u00e0 di Milano-Bicocca. In: Atti del convegno nazionale CNAI Le scienze infermieristiche in Italia: riflessioni e linee di indirizzo Roma, pp.185-201.<\/li>\n<li><strong>Luzzi L., Torretta C., Coratella C., Marucci A.R. (2013)<\/strong> L\u2019esperienza dell\u2019AO San Camillo-Forlanini di Roma nell\u2019impiego dell\u2019International Classification for Nursing Practice (ICNP) In: Atti del convegno nazionale CNAI Le scienze infermieristiche in Italia: riflessioni e linee di indirizzo Roma, pp.172-184.<\/li>\n<li><strong>Marucci A.R, De Caro W., Petrucci C., Lancia L., Sansoni J. (2015)<\/strong> ICNP \u2013 Classificazione Internazionale per la pratica infermieristica: origini, strutturazione e sviluppo.<\/li>\n<li><strong>Ausili D., Baccin G., Bezze S., Di Mauro S., Sironi C. (2015)<\/strong> L\u2019impiego dell\u2019ICNP\u00ae con il Modello assistenziale dei processi umani: un quadro teorico per l\u2019assistenza infermieristica di fronte alla sfida della complessit\u00e0.<\/li>\n<li><strong>Sansoni J., Ausili D. (2015)<\/strong> CENTRO ITALIANO PER LA RICERCA E LO SVILUPPO DELLA CLASSIFICAZIONE INTERNAZIONALE DELLA PRATICA INFERMIERISTICA (ICNP\u00ae)<br \/>\nITALIAN ICNP\u00ae RESEARCH and DEVELOPMENT CENTRE con Allegato pubblicato su professioni Infermieristiche.<\/li>\n<li><span style=\"font-size: Revert; color: initial;\"><strong>Macchi B., Sironi C., Di Mauro S., Ausili D. (2016)<\/strong> L&#8217;impiego dell&#8217;ICNP\u00ae nella formazione infermieristica con modelli teorici infermieristici: una revisione della letteratura.<\/span><\/li>\n<li><span style=\"font-size: Revert; color: initial;\"><strong>Di Mauro S., Vanalli M., Alberio M., Ausili D. (2018)<\/strong> Developing a subset of ICNP nursing diagnoses for medical and surgical hospital settings, informed by an Italian nursing conceptual model: a multicenter cross-sectional study.<\/span><\/li>\n<li><span style=\"font-size: Revert; color: initial;\"><strong>De Gennaro G., D\u2019errico C.L., Marconcini S., Papagno A.M. (2018)<\/strong> Il linguaggio standardizzato ICNP\u00ae nel processo di assistenza infermieristica: la sperimentazione dell\u2019ASL di Foggia, Azienda Sanitaria Locale leader in Italia.<\/span><\/li>\n<li><span style=\"font-size: Revert; color: initial;\"><strong>Bezze S., Ausili D., Redini S., Re S., Di Mauro S. (2020)<\/strong> Development of a subset of ICNP Nursing Diagnoses for the promotion of self-care in people with diabetes mellitus: a multi- center observational study.<\/span><\/li>\n<\/ol>\n<p style=\"text-align: center;\"><strong>FONTI INTERNAZIONALI ICNP&#x2122; IN ORDINE CRONOLOGICO<\/strong><\/p>\n<div class=\"page\" title=\"Page 6\">\n<div class=\"layoutArea\">\n<div class=\"column\">\n<ol>\n<li><strong>De Ara\u00fajo AA, da N\u00f3brega MM, Garcia TR<\/strong>. Diagn\u00f3sticos e interven\u00e7\u00f5es de enfermagem para pacientes portadores de insufici\u00eancia card\u00edaca congestiva utilizando a CIPE\u00ae [Nursing diagnoses and interventions for patients with congestive heart failure using the ICNP \u00ae]. Rev Esc Enferm USP. 2013 Apr;47(2):385-92. Portuguese. doi: 10.1590\/s0080-62342013000200016. PMID: 23743905.<\/li>\n<li><strong>Rabelo-Silva ER, Dantas Cavalcanti AC, Ramos Goulart Caldas MC, Lucena AF, Almeida MA, Linch GF, da Silva MB, M\u00fcller-Staub M<\/strong>. Advanced Nursing Process quality: Comparing the International Classification for Nursing Practice (ICNP) with the NANDA-International (NANDA-I) and Nursing\u00a0<span style=\"font-size: Revert; color: initial;\">Interventions Classification (NIC). J Clin Nurs. 2017 Feb;26(3-4):379-387. doi: 10.1111\/jocn.13387. Epub 2016 Oct 25. PMID: 27192041.<\/span><\/li>\n<li><strong>Strudwick G, Hardiker NR.<\/strong> Understanding the use of standardized nursing terminology and classification systems in published research: A case study using the International Classification for Nursing Practice(\u00ae). Int J Med Inform. 2016 Oct;94:215-21. doi: 10.1016\/j.ijmedinf.2016.06.012. Epub 2016 Jul 29. PMID: 27573329.<\/li>\n<li><strong>\u00d8stensen E, Bragstad LK, Hardiker NR, Helles\u00f8 R.<\/strong> ICNP. Stud Health Technol Inform. 2018;250:235. PMID: 29857446.<\/li>\n<li><strong>Primo CC, Resende FZ, Garcia TR, Duran ECM, Brand\u00e3o MAG.<\/strong> ICNP\u00ae terminology subset for care of women and children experiencing breastfeeding. Rev Gaucha Enferm. 2018 Jul 2;39:e20170010. Portuguese, English. doi: 10.1590\/1983-1447.2018.2017-0010. PMID: 30020348.<\/li>\n<li><strong>F\u00e9lix NDC, Ramos NM, Nascimento MNR, Moreira TMM, Oliveira CJ.<\/strong> Nursing diagnoses from ICNP\u00ae for people with metabolic syndrome. Rev Bras Enferm. 2018;71(suppl 1):467-474. English, Portuguese. doi: 10.1590\/0034-7167-2017-0125. PMID: 29562000.<\/li>\n<li><strong>de Souza Neto VL, Costa RTDS, Costa DARDS, Belmiro SSDR, Lima MA, Silva RARD.<\/strong> ICNP\u00ae Diagnoses of People Living with AIDS, and Empirical Indicators. Rev Bras Enferm. 2019 Sep 16;72(5):1226- 1234. English, Portuguese. doi: 10.1590\/0034-7167-2017-0850. PMID: 31531645.<\/li>\n<li><strong>Paese F, Sasso GTMD, Colla GW.<\/strong> Structuring methodology of the Computerized Nursing Process in Emergency Care Units. Rev Bras Enferm. 2018 May;71(3):1079-1084. Portuguese, English. doi: 10.1590\/0034-7167-2016-0619. PMID: 29924151.<\/li>\n<li><strong>Querido DL, Christoffel MM, N\u00f3brega MMLD, Almeida VS, Andrade M, Esteves APVDS.<\/strong> Terminological subsets of the International Classification for Nursing Practice: an integrative literature review. Rev Esc Enferm USP. 2019 Dec 2;53:e03522. Portuguese, English. doi: 10.1590\/S1980-220X2018030103522. PMID: 31800814.<\/li>\n<li><strong>Passinho RS, Cani\u00e7ali Primo C, Fioresi M, N\u00f3brega MMLD, Brand\u00e3o MAG, Romero WG.<\/strong> Elaboration and validation of an ICNP\u00ae terminology subset for patients with acute myocardial infarction. Rev Esc Enferm USP. 2019 Feb 21;53:e03442. English, Portuguese. doi: 10.1590\/S1980- 220X2018000603442. PMID: 30810605.<\/li>\n<li><strong>Clares JWB, N\u00f3brega MMLD, Guedes MVC, Silva LFD, Freitas MC.<\/strong> ICNP \u00ae nursing diagnoses, outcomes and interventions for community elderly. Rev Bras Enferm. 2019 Nov;72(suppl 2):191- 198. English, Portuguese. doi: 10.1590\/0034-7167-2018-0540. PMID: 31826210.<\/li>\n<li><strong>Block LJ, Currie LM, Hardiker NR, Strudwick G.<\/strong> Visibility of Community Nursing Within an Administrative Health Classification System: Evaluation of Content Coverage. J Med Internet Res. 2019 Jun 26;21(6):e12847. doi: 10.2196\/12847. PMID: 31244480; PMCID: PMC6617914.<\/li>\n<li><span style=\"font-size: Revert; color: initial;\"><strong>Cho I, Kim J, Chae JS, Jung M, Kim YH.<\/strong> Development of ICNP-based inpatient falls prevention catalogue. Int Nurs Rev. 2020 Jun;67(2):239-248. doi: 10.1111\/inr.12566. Epub 2019 Nov 24. PMID: 31762026.<\/span><\/li>\n<li><span style=\"font-size: Revert; color: initial;\"><strong>D\u0119bska G, Gorzkowicz B, Fory\u015b Z, Kila\u0144ska D.<\/strong> Continuous professional development of nurses and ICNP\u00ae introduction in Poland. Int J Occup Med Environ Health. 2020 Apr 30;33(3):353-363. doi: 10.13075\/ijomeh.1896.01480. Epub 2020 Apr 6. PMID: 32267251.<\/span><\/li>\n<li><span style=\"font-size: Revert; color: initial;\"><strong>Siega CK, Adamy EK, Sousa PAF, Zanatta EA.<\/strong> ICNP\u00ae terminology subset to infants in Primary Health Care. Rev Bras Enferm. 2020 Dec 21;73(suppl 6):e20190742. English, Portuguese. doi: 10.1590\/0034-7167-2019-0742. PMID: 33338144.<\/span><\/li>\n<li><span style=\"font-size: Revert; color: initial;\"><strong>Silva LPZ, Primo CC, Prado TND.<\/strong> ICNP\u00ae terminology subset for people with tuberculosis. Rev Bras Enferm. 2021 Apr 16;74(2):e20200059. English, Portuguese. doi: 10.1590\/0034-7167-2020-0059. PMID: 33886834.<\/span><\/li>\n<li><span style=\"font-size: Revert; color: initial;\"><strong>Sousa INM, Silva DVA, Carmo JRD, Lopes JR, F\u00e9lix NDC, Pereira FAF, Ara\u00fajo DD.<\/strong> ICNP\u00ae nursing diagnostics for people in-home care. Rev Bras Enferm. 2021 Feb 22;74(1):e20190807. English, Portuguese. doi: 10.1590\/0034-7167-2019-0807. PMID: 33624703.<\/span><\/li>\n<li><span style=\"font-size: Revert; color: initial;\"><strong>Florin J, Strandberg E, Jansson I, Ehrenberg A, Bj\u00f6rvell C.<\/strong> A comparison between the ICNP and the ICF for expressing nursing content in the electronic health record. Int J Med Inform. 2021 Aug 2;154:104544. doi: 10.1016\/j.ijmedinf.2021.104544. Epub ahead of print. PMID: 34474310.<\/span><\/li>\n<li><span style=\"font-size: Revert; color: initial;\"><strong>Seabra PRC, Valentim OMMS, Fernandes FAV, Severino SSP.<\/strong> Moving Beyond Nursing Standardized Language for Substance Use Problems. Issues Ment Health Nurs. 2021 Mar;42(3):267-273. doi: 10.1080\/01612840.2020.1793245. Epub 2020 Aug 13. PMID: 32790483.<\/span><\/li>\n<li><span style=\"font-size: Revert; color: initial;\"><strong>de Menezes HF, Camacho ACLF, de Sousa PAF, Primo CC, Ferreira LB, da Silva RAR.<\/strong> Validation of Nursing Diagnoses for people with chronic kidney conditions on conservative treatment. Rev Esc Enferm USP. 2021 Aug 20;55:e20200396. English, Portuguese. doi: 10.1590\/1980-220X-REEUSP- 2020-0396. PMID: 34423801.<\/span><\/li>\n<li><span style=\"font-size: Revert; color: initial;\"><strong>Santos MCF, Dantas AMN, Moura RMA, Beserra PJF, N\u00f3brega MMLD.<\/strong> Term database for nursing practice in the context of coronavirus (COVID-19) infections. Rev Bras Enferm. 2021 May 21;74(suppl 1):e20200703. English, Portuguese. doi: 10.1590\/0034-7167-2020-0703. PMID: 34037164.<\/span><\/li>\n<\/ol>\n<\/div>\n<\/div>\n<\/div>\n<p style=\"text-align: center;\">","protected":false},"excerpt":{"rendered":"<p>FONTI ITALIANE ICNP&#x2122; IN ORDINE CRONOLOGICO Sansoni J., Gruppo lavoro (2000) Validation of the Italian Translation ICNP \u00df version Problems and Difficulties in Atti Conferenza Telenurse traduzione ICNP versione Beta [&hellip;]<\/p>","protected":false},"author":1,"featured_media":0,"parent":0,"menu_order":3,"comment_status":"closed","ping_status":"open","template":"","meta":{"nf_dc_page":"","_bbp_topic_count":0,"_bbp_reply_count":0,"_bbp_total_topic_count":0,"_bbp_total_reply_count":0,"_bbp_voice_count":0,"_bbp_anonymous_reply_count":0,"_bbp_topic_count_hidden":0,"_bbp_reply_count_hidden":0,"_bbp_forum_subforum_count":0,"_crdt_document":"","footnotes":""},"class_list":["post-1140","page","type-page","status-publish","hentry"],"jetpack_sharing_enabled":true,"_links":{"self":[{"href":"https:\/\/www.icnp.center\/italy\/wp-json\/wp\/v2\/pages\/1140","targetHints":{"allow":["GET"]}}],"collection":[{"href":"https:\/\/www.icnp.center\/italy\/wp-json\/wp\/v2\/pages"}],"about":[{"href":"https:\/\/www.icnp.center\/italy\/wp-json\/wp\/v2\/types\/page"}],"author":[{"embeddable":true,"href":"https:\/\/www.icnp.center\/italy\/wp-json\/wp\/v2\/users\/1"}],"replies":[{"embeddable":true,"href":"https:\/\/www.icnp.center\/italy\/wp-json\/wp\/v2\/comments?post=1140"}],"version-history":[{"count":6,"href":"https:\/\/www.icnp.center\/italy\/wp-json\/wp\/v2\/pages\/1140\/revisions"}],"predecessor-version":[{"id":1593,"href":"https:\/\/www.icnp.center\/italy\/wp-json\/wp\/v2\/pages\/1140\/revisions\/1593"}],"wp:attachment":[{"href":"https:\/\/www.icnp.center\/italy\/wp-json\/wp\/v2\/media?parent=1140"}],"curies":[{"name":"wp","href":"https:\/\/api.w.org\/{rel}","templated":true}]}}